{"id":2693,"date":"2016-12-02T12:51:50","date_gmt":"2016-12-02T12:51:50","guid":{"rendered":"http:\/\/rcfly.ch\/drohne-kaufen\/?page_id=2693"},"modified":"2016-12-10T22:20:44","modified_gmt":"2016-12-10T22:20:44","slug":"rechtliches","status":"publish","type":"page","link":"http:\/\/rcfly.ch\/drohne-kaufen\/rechtliches\/","title":{"rendered":"Rechtliches"},"content":{"rendered":"<p><script async src=\"\/\/pagead2.googlesyndication.com\/pagead\/js\/adsbygoogle.js\"><\/script><br \/>\n <!-- drohen kaufen nicht reponsiv 840x90 standard --><br \/>\n <ins class=\"adsbygoogle\" style=\"display: inline-block; width: 840px; height: 90px;\" data-ad-client=\"ca-pub-9035236214095156\" data-ad-slot=\"7559932622\"><\/ins><br \/>\n <script>\n(adsbygoogle = window.adsbygoogle || []).push({});\n<\/script><\/p>\n<hr \/>\n<h1 style=\"text-align: justify;\">Rechtliche Lage, betrifft die Schweiz<\/h1>\n<p style=\"text-align: justify;\">Einleitung zu Drohnen<\/p>\n<p style=\"text-align: justify;\">Drohnen sind ferngesteuerte, meist kleinere Flugger\u00e4te. Sie sind rechtlich den Flugmodellen gleichgestellt. Bis zu einem Gewicht von 30 Kilogramm d\u00fcrfen sie grunds\u00e4tzlich ohne Bewilligung eingesetzt werden. Voraussetzung ist allerdings, dass der \u00abPilot\u00bb jederzeit Sichtkontakt zu seiner Drohne hat. Zudem d\u00fcrfen keine Drohnen \u00fcber Menschenansammlungen betrieben werden.<\/p>\n<p style=\"text-align: justify;\">Bei Drohnen handelt es sich um unbemannte, ferngesteuerte Luftfahrzeuge, die bestimmten Zwecken dienen wie etwa Bildaufnahmen, Vermessungen, Transporten, wissenschaftlichen Untersuchungen usw. Dabei spielt es keine Rolle, ob der Einsatz gewerbsm\u00e4ssig, privat, beruflich oder wissenschaftlich erfolgt. Im Gegensatz dazu stehen Flugmodelle wie Modellflugzeuge, Modellhelikopter usw., die f\u00fcr Freizeitaktivit\u00e4ten genutzt werden. Hier steht die Ausf\u00fchrung des Fluges und die Freude daran im Vordergrund.<\/p>\n<p style=\"text-align: justify;\">Art und Gr\u00f6sse der Drohnen k\u00f6nnen sehr unterschiedlich sein. Die Bandbreite reicht von kleinen, nur ein paar Gramm schweren Flugger\u00e4ten (Flugzeuge, Helikopter, Quadrotoren, Luftschiffe usw.) bis zu solchen mit mehreren Tonnen Gewicht. Im Zusammenhang mit Drohnen wird h\u00e4ufig der Begriff \u00abUnmanned Aircraft System\u00bb (UAS) oder Remotely Piloted Aircraft System (RPAS) verwendet, der das ganze System \u2013 bestehend aus Flugger\u00e4t, Bodenstation und Datenverbindungen \u2013 bezeichnet.<\/p>\n<p style=\"text-align: justify;\"><em>Quelle: Bazl<\/em><\/p>\n<h1 style=\"text-align: justify;\">Regeln f\u00fcr den Betrieb von Drohnen und Flugmodellen<\/h1>\n<p style=\"text-align: justify;\">F\u00fcr den Betrieb von Drohnen und Flugmodellen mit einem Gewicht von \u00fcber 30 Kilogramm braucht es eine Bewilligung des BAZL. Das Amt legt die Bedingungen f\u00fcr die Zulassung und den Betrieb in jedem einzelnen Fall fest.Die Vorgaben f\u00fcr den Betrieb von Drohnen und Flugmodellen bis zu einem Gewicht von 30 Kilogramm finden sich in der \u00abVerordnung des UVEK \u00fcber Luftfahrzeuge besonderer Kategorien\u00bb.<\/p>\n<p style=\"text-align: justify;\"><strong>Die wichtigsten Regelungen sind nachfolgend aufgef\u00fchrt:<\/strong><\/p>\n<ul>\n<li style=\"text-align: justify;\">Sofern der \u00abPilot\u00bb jederzeit direkten Augenkontakt zu seinem Flugobjekt hat, d\u00fcrfen Drohnen und Flugmodelle ohne Bewilligung betrieben werden.<\/li>\n<li style=\"text-align: justify;\">Will jemand technische Hilfsmittel wie Feldstecher oder Videobrillen einsetzen, um die nat\u00fcrliche Sichtweite der Augen zu erweitern, ist daf\u00fcr eine Bewilligung des BAZL erforderlich (Bewilligungsverfahren).<\/li>\n<li style=\"text-align: justify;\">Innerhalb des Sichtbereiches des \u00abPiloten\u00bb ist der Betrieb mit Videobrillen und dergleichen gestattet, sofern ein zweiter \u00abOperateur\u00bb den Flug \u00fcberwacht und bei Bedarf jederzeit in die Steuerung des\u00a0Flugger\u00e4tes eingreifen kann. Der \u00abOperateur\u00bb muss sich am gleichen Standort befinden wie der Pilot.<\/li>\n<li style=\"text-align: justify;\">Ein automatisierter Flug (autonomer Betrieb) innerhalb des Sichtbereiches des \u00abPiloten\u00bb ist erlaubt, sofern dieser bei Bedarf jederzeit in die Steuerung eingreifen kann.<\/li>\n<li style=\"text-align: justify;\">Luftaufnahmen sind zul\u00e4ssig, sofern die Vorschriften zum Schutz milit\u00e4rischer Anlagen ber\u00fccksichtigt werden. Zu beachten sind dabei auch der Schutz der Privatsph\u00e4re respektive die Vorschriften des Datenschutzgesetzes.<\/li>\n<li style=\"text-align: justify;\">\u00dcber Menschenansammlungen bzw. im Umkreis von 100 Metern von Menschenansammlungen d\u00fcrfen Drohnen grunds\u00e4tzlich nicht betrieben werden (weitere Informationen und Bewilligungsverfahren).<\/li>\n<li style=\"text-align: justify;\">Wer eine Drohne oder ein Flugmodell mit mehr als 500 Gramm Gewicht betreibt, muss f\u00fcr allf\u00e4llige Sch\u00e4den eine Haftpflichtdeckung im Umfang von mindestens 1 Million Franken gew\u00e4hrleisten.<br \/>\n In der N\u00e4he von Flugpl\u00e4tzen bestehen Einschr\u00e4nkungen f\u00fcr Fl\u00fcge von Drohnen und Flugmodellen. Es ist zum Beispiel nicht gestattet, solche Flugger\u00e4te n\u00e4her als 5 Kilometer von den Pisten entfernt fliegen zu lassen.<\/li>\n<li style=\"text-align: justify;\">Kantone und Gemeinde k\u00f6nnen erg\u00e4nzende Einschr\u00e4nkungen f\u00fcr den Einsatz von unbemannten Luftfahrzeugen erlassen.<br \/>\n F\u00fcr \u00f6ffentliche Flugveranstaltungen, an denen ausschliesslich Modellflugzeuge oder Drohnen eingesetzt werden, ist nach wie vor keine Bewilligung des BAZL erforderlich.<\/li>\n<\/ul>\n<p><em>Quelle: Bazl<\/em><\/p>\n<p>Weitere Infos auf der Bazl <a href=\"https:\/\/www.bazl.admin.ch\/bazl\/de\/home\/gutzuwissen\/drohnen-und-flugmodelle.html\">Webseite<\/a><\/p>\n","protected":false},"excerpt":{"rendered":"<p>Rechtliche Lage, betrifft die Schweiz Einleitung zu Drohnen Drohnen sind ferngesteuerte, meist kleinere Flugger\u00e4te. Sie sind rechtlich den Flugmodellen gleichgestellt. Bis zu einem Gewicht von 30 Kilogramm d\u00fcrfen sie grunds\u00e4tzlich ohne Bewilligung eingesetzt werden. Voraussetzung ist allerdings, dass der \u00abPilot\u00bb jederzeit Sichtkontakt zu seiner Drohne hat. Zudem d\u00fcrfen keine Drohnen \u00fcber Menschenansammlungen betrieben werden. Bei [&hellip;]<\/p>\n","protected":false},"author":2,"featured_media":0,"parent":0,"menu_order":0,"comment_status":"closed","ping_status":"closed","template":"template-sidebar_rechts.php","meta":{"jetpack_post_was_ever_published":false,"footnotes":""},"yoast_head":"<!-- This site is optimized with the Yoast SEO plugin v21.2 - https:\/\/yoast.com\/wordpress\/plugins\/seo\/ -->\n<title>Rechtliches - Top Drohnen und FPV Racer<\/title>\n<meta name=\"description\" content=\"FPV Race Drohne bauen, FPV Racing, Drohne mit Kamera kaufen, Luftaufnahmen g\u00fcnstig Top Bestseller \u2713 Top Kaufempfehlungen \u2713 Top Produkte \u2713 Tipp eines Profi \u2713\" \/>\n<meta name=\"robots\" content=\"index, follow, max-snippet:-1, max-image-preview:large, max-video-preview:-1\" \/>\n<link rel=\"canonical\" href=\"https:\/\/rcfly.ch\/drohne-kaufen\/rechtliches\/\" \/>\n<meta property=\"og:locale\" content=\"de_DE\" \/>\n<meta property=\"og:type\" content=\"article\" \/>\n<meta property=\"og:title\" content=\"Rechtliches - Top Drohnen und FPV Racer\" \/>\n<meta property=\"og:description\" content=\"FPV Race Drohne bauen, FPV Racing, Drohne mit Kamera kaufen, Luftaufnahmen g\u00fcnstig Top Bestseller \u2713 Top Kaufempfehlungen \u2713 Top Produkte \u2713 Tipp eines Profi \u2713\" \/>\n<meta property=\"og:url\" content=\"https:\/\/rcfly.ch\/drohne-kaufen\/rechtliches\/\" \/>\n<meta property=\"og:site_name\" content=\"Top Drohnen und FPV Racer\" \/>\n<meta property=\"article:publisher\" content=\"https:\/\/www.facebook.com\/rcflyfreestyle\/\" \/>\n<meta property=\"article:modified_time\" content=\"2016-12-10T22:20:44+00:00\" \/>\n<meta name=\"twitter:card\" content=\"summary_large_image\" \/>\n<meta name=\"twitter:site\" content=\"@rcflyluzern\" \/>\n<meta name=\"twitter:label1\" content=\"Gesch\u00e4tzte Lesezeit\" \/>\n\t<meta name=\"twitter:data1\" content=\"3\u00a0Minuten\" \/>\n<script type=\"application\/ld+json\" class=\"yoast-schema-graph\">{\"@context\":\"https:\/\/schema.org\",\"@graph\":[{\"@type\":\"WebPage\",\"@id\":\"https:\/\/rcfly.ch\/drohne-kaufen\/rechtliches\/\",\"url\":\"https:\/\/rcfly.ch\/drohne-kaufen\/rechtliches\/\",\"name\":\"Rechtliches - Top Drohnen und FPV Racer\",\"isPartOf\":{\"@id\":\"https:\/\/rcfly.ch\/drohne-kaufen\/#website\"},\"datePublished\":\"2016-12-02T12:51:50+00:00\",\"dateModified\":\"2016-12-10T22:20:44+00:00\",\"description\":\"FPV Race Drohne bauen, FPV Racing, Drohne mit Kamera kaufen, Luftaufnahmen g\u00fcnstig Top Bestseller \u2713 Top Kaufempfehlungen \u2713 Top Produkte \u2713 Tipp eines Profi \u2713\",\"breadcrumb\":{\"@id\":\"https:\/\/rcfly.ch\/drohne-kaufen\/rechtliches\/#breadcrumb\"},\"inLanguage\":\"de\",\"potentialAction\":[{\"@type\":\"ReadAction\",\"target\":[\"https:\/\/rcfly.ch\/drohne-kaufen\/rechtliches\/\"]}]},{\"@type\":\"BreadcrumbList\",\"@id\":\"https:\/\/rcfly.ch\/drohne-kaufen\/rechtliches\/#breadcrumb\",\"itemListElement\":[{\"@type\":\"ListItem\",\"position\":1,\"name\":\"Startseite\",\"item\":\"http:\/\/rcfly.ch\/drohne-kaufen\/\"},{\"@type\":\"ListItem\",\"position\":2,\"name\":\"Rechtliches\"}]},{\"@type\":\"WebSite\",\"@id\":\"https:\/\/rcfly.ch\/drohne-kaufen\/#website\",\"url\":\"https:\/\/rcfly.ch\/drohne-kaufen\/\",\"name\":\"Top Drohnen und FPV Racer\",\"description\":\"Top Drohnen mit Kamera &amp; Hilfe bei der Kaufentscheidung &amp; ** NEWS ** \",\"potentialAction\":[{\"@type\":\"SearchAction\",\"target\":{\"@type\":\"EntryPoint\",\"urlTemplate\":\"https:\/\/rcfly.ch\/drohne-kaufen\/?s={search_term_string}\"},\"query-input\":\"required name=search_term_string\"}],\"inLanguage\":\"de\"}]}<\/script>\n<!-- \/ Yoast SEO plugin. -->","yoast_head_json":{"title":"Rechtliches - Top Drohnen und FPV Racer","description":"FPV Race Drohne bauen, FPV Racing, Drohne mit Kamera kaufen, Luftaufnahmen g\u00fcnstig Top Bestseller \u2713 Top Kaufempfehlungen \u2713 Top Produkte \u2713 Tipp eines Profi \u2713","robots":{"index":"index","follow":"follow","max-snippet":"max-snippet:-1","max-image-preview":"max-image-preview:large","max-video-preview":"max-video-preview:-1"},"canonical":"https:\/\/rcfly.ch\/drohne-kaufen\/rechtliches\/","og_locale":"de_DE","og_type":"article","og_title":"Rechtliches - Top Drohnen und FPV Racer","og_description":"FPV Race Drohne bauen, FPV Racing, Drohne mit Kamera kaufen, Luftaufnahmen g\u00fcnstig Top Bestseller \u2713 Top Kaufempfehlungen \u2713 Top Produkte \u2713 Tipp eines Profi \u2713","og_url":"https:\/\/rcfly.ch\/drohne-kaufen\/rechtliches\/","og_site_name":"Top Drohnen und FPV Racer","article_publisher":"https:\/\/www.facebook.com\/rcflyfreestyle\/","article_modified_time":"2016-12-10T22:20:44+00:00","twitter_card":"summary_large_image","twitter_site":"@rcflyluzern","twitter_misc":{"Gesch\u00e4tzte Lesezeit":"3\u00a0Minuten"},"schema":{"@context":"https:\/\/schema.org","@graph":[{"@type":"WebPage","@id":"https:\/\/rcfly.ch\/drohne-kaufen\/rechtliches\/","url":"https:\/\/rcfly.ch\/drohne-kaufen\/rechtliches\/","name":"Rechtliches - Top Drohnen und FPV Racer","isPartOf":{"@id":"https:\/\/rcfly.ch\/drohne-kaufen\/#website"},"datePublished":"2016-12-02T12:51:50+00:00","dateModified":"2016-12-10T22:20:44+00:00","description":"FPV Race Drohne bauen, FPV Racing, Drohne mit Kamera kaufen, Luftaufnahmen g\u00fcnstig Top Bestseller \u2713 Top Kaufempfehlungen \u2713 Top Produkte \u2713 Tipp eines Profi \u2713","breadcrumb":{"@id":"https:\/\/rcfly.ch\/drohne-kaufen\/rechtliches\/#breadcrumb"},"inLanguage":"de","potentialAction":[{"@type":"ReadAction","target":["https:\/\/rcfly.ch\/drohne-kaufen\/rechtliches\/"]}]},{"@type":"BreadcrumbList","@id":"https:\/\/rcfly.ch\/drohne-kaufen\/rechtliches\/#breadcrumb","itemListElement":[{"@type":"ListItem","position":1,"name":"Startseite","item":"http:\/\/rcfly.ch\/drohne-kaufen\/"},{"@type":"ListItem","position":2,"name":"Rechtliches"}]},{"@type":"WebSite","@id":"https:\/\/rcfly.ch\/drohne-kaufen\/#website","url":"https:\/\/rcfly.ch\/drohne-kaufen\/","name":"Top Drohnen und FPV Racer","description":"Top Drohnen mit Kamera &amp; Hilfe bei der Kaufentscheidung &amp; ** NEWS ** ","potentialAction":[{"@type":"SearchAction","target":{"@type":"EntryPoint","urlTemplate":"https:\/\/rcfly.ch\/drohne-kaufen\/?s={search_term_string}"},"query-input":"required name=search_term_string"}],"inLanguage":"de"}]}},"jetpack_sharing_enabled":true,"jetpack_shortlink":"https:\/\/wp.me\/P7AUgM-Hr","_links":{"self":[{"href":"http:\/\/rcfly.ch\/drohne-kaufen\/wp-json\/wp\/v2\/pages\/2693"}],"collection":[{"href":"http:\/\/rcfly.ch\/drohne-kaufen\/wp-json\/wp\/v2\/pages"}],"about":[{"href":"http:\/\/rcfly.ch\/drohne-kaufen\/wp-json\/wp\/v2\/types\/page"}],"author":[{"embeddable":true,"href":"http:\/\/rcfly.ch\/drohne-kaufen\/wp-json\/wp\/v2\/users\/2"}],"replies":[{"embeddable":true,"href":"http:\/\/rcfly.ch\/drohne-kaufen\/wp-json\/wp\/v2\/comments?post=2693"}],"version-history":[{"count":3,"href":"http:\/\/rcfly.ch\/drohne-kaufen\/wp-json\/wp\/v2\/pages\/2693\/revisions"}],"predecessor-version":[{"id":2779,"href":"http:\/\/rcfly.ch\/drohne-kaufen\/wp-json\/wp\/v2\/pages\/2693\/revisions\/2779"}],"wp:attachment":[{"href":"http:\/\/rcfly.ch\/drohne-kaufen\/wp-json\/wp\/v2\/media?parent=2693"}],"curies":[{"name":"wp","href":"https:\/\/api.w.org\/{rel}","templated":true}]}}